{"id":3994,"date":"2017-01-06T11:59:10","date_gmt":"2017-01-06T11:59:10","guid":{"rendered":"http:\/\/raportyspadkowe.pl\/?page_id=3994"},"modified":"2025-02-25T23:25:23","modified_gmt":"2025-02-25T23:25:23","slug":"o-nas","status":"publish","type":"page","link":"https:\/\/raportyspadkowe.pl\/?page_id=3994","title":{"rendered":"O nas"},"content":{"rendered":"<p>[vc_row padding_top=&#8221;&#8221; padding_bottom=&#8221;0&#8243;][vc_column width=&#8221;1\/2&#8243;]<div class='gap nz-clearfix' style='height:30px'>&nbsp;<\/div>[vc_column_text]<span style=\"color: #777777;\">Podmiotem zarz\u0105dzaj\u0105cym i operatorem us\u0142ugi jest MPA Sp. z o.o. Us\u0142uga powsta\u0142a w ramach wsp\u00f3\u0142pracy podmiot\u00f3w specjalizuj\u0105cych si\u0119 w obs\u0142udze prawnej i procesowej oraz w poszukiwaniu maj\u0105tk\u00f3w os\u00f3b fizycznych na zlecenie wiod\u0105cych polskich i zagranicznych przedsi\u0119biorstw, instytucji finansowych oraz organ\u00f3w procesowych.<\/span>[\/vc_column_text]<div class='gap nz-clearfix' style='height:15px'>&nbsp;<\/div>[vc_column_text]<\/p>\n<h3><span style=\"font-size: 20px; line-height: 26px; color: #000000;\">Nasze kompetencje<\/span><\/h3>\n<p><span style=\"color: #777777;\">Wyr\u00f3\u017cnia nas umiej\u0119tno\u015b\u0107 trafnej analizy i kompleksowej weryfikacji \u017ar\u00f3de\u0142 maj\u0105tku os\u00f3b zmar\u0142ych. Nasz\u0105 przewag\u0105 jest unikalna wiedza w zakresie specyfiki i sposobu dzia\u0142ania baz danych zawieraj\u0105cych informacje istotne dla spadkobierc\u00f3w oraz wad i niekompletno\u015bci takich baz. Nasi pracownicy s\u0105 specjalistami z zakresu prawa, ekonomii i zarz\u0105dzania. Posiadaj\u0105 praktyk\u0119 zdobyt\u0105 w mi\u0119dzynarodowych korporacjach.<br \/>\nOd 17 lat w ramach naszego zespo\u0142u budujemy dla swoich klient\u00f3w efektywne systemy obs\u0142ugi p\u0142atno\u015bci i poprawiamy bezpiecze\u0144stwo realizowanych transakcji. Kluczowe w prowadzeniu dzia\u0142alno\u015bci przedsi\u0119biorstwa s\u0105 dla nas prawid\u0142owe relacje mi\u0119dzyludzkie, wiedza i nowoczesne zaplecze techniczne.<br \/>\nWprowadzaj\u0105c na rynek us\u0142ug\u0119 zapewniamy Pa\u0144stwu nasz standard obs\u0142ugi klienta, wiedz\u0119, profesjonalizm, rzetelno\u015b\u0107 i doskona\u0142\u0105 komunikacj\u0119 umo\u017cliwiaj\u0105c\u0105 sprawn\u0105 realizacj\u0119 Pa\u0144stwa potrzeb.<\/span>[\/vc_column_text][\/vc_column][vc_column width=&#8221;1\/2&#8243; margin_b=&#8221;false&#8221;]<div class='gap nz-clearfix' style='height:50px'>&nbsp;<\/div><img class=\"aligncenter size-full wp-image-4274 \" src=\"<\" alt=\"4274\" width=\"i\" height=\"m\"><div class='gap nz-clearfix' style='height:100px'>&nbsp;<\/div>[\/vc_column][\/vc_row][vc_row full_width=&#8221;true&#8221; autoheight=&#8221;true&#8221; padding_top=&#8221;0&#8243; padding_bottom=&#8221;-25&#8243;][vc_column]<div class='gap nz-clearfix' style='height:35px'>&nbsp;<\/div><div id=\"nz-tagline-1\" style=\"background-color:#273891;\" class=\"nz-tagline\"><div class=\"container nz-clearfix\"><span class=\"tagline-title\" style=color:#ffffff !important;>Skontaktuj si\u0119 z nami w sprawie przygotowania oferty<\/span><a class=\"button button-normal full-false medium square animate-false anim-type-ghost hover-fill white icon-false\" href=\"http:\/\/raportyspadkowe.pl\/?page_id=3172\" target=\"_self\"><span class=\"txt\">Napisz do nas<\/span><\/a><\/div><\/div>[\/vc_column][\/vc_row]<\/p>\n","protected":false},"excerpt":{"rendered":"<p>[vc_row padding_top=&#8221;&#8221; padding_bottom=&#8221;0&#8243;][vc_column width=&#8221;1\/2&#8243;][vc_column_text]Podmiotem zarz\u0105dzaj\u0105cym i operatorem us\u0142ugi jest MPA Sp. z o.o. Us\u0142uga powsta\u0142a w ramach wsp\u00f3\u0142pracy podmiot\u00f3w specjalizuj\u0105cych si\u0119 w obs\u0142udze prawnej i procesowej oraz w poszukiwaniu maj\u0105tk\u00f3w os\u00f3b fizycznych na zlecenie wiod\u0105cych polskich i zagranicznych przedsi\u0119biorstw, instytucji finansowych oraz organ\u00f3w procesowych.[\/vc_column_text][vc_column_text] Nasze kompetencje Wyr\u00f3\u017cnia nas umiej\u0119tno\u015b\u0107 trafnej analizy i kompleksowej weryfikacji \u017ar\u00f3de\u0142 [&hellip;]<\/p>\n","protected":false},"author":1,"featured_media":0,"parent":0,"menu_order":0,"comment_status":"closed","ping_status":"closed","template":"page-vc.php","meta":{"_mi_skip_tracking":false},"_links":{"self":[{"href":"https:\/\/raportyspadkowe.pl\/index.php?rest_route=\/wp\/v2\/pages\/3994"}],"collection":[{"href":"https:\/\/raportyspadkowe.pl\/index.php?rest_route=\/wp\/v2\/pages"}],"about":[{"href":"https:\/\/raportyspadkowe.pl\/index.php?rest_route=\/wp\/v2\/types\/page"}],"author":[{"embeddable":true,"href":"https:\/\/raportyspadkowe.pl\/index.php?rest_route=\/wp\/v2\/users\/1"}],"replies":[{"embeddable":true,"href":"https:\/\/raportyspadkowe.pl\/index.php?rest_route=%2Fwp%2Fv2%2Fcomments&post=3994"}],"version-history":[{"count":37,"href":"https:\/\/raportyspadkowe.pl\/index.php?rest_route=\/wp\/v2\/pages\/3994\/revisions"}],"predecessor-version":[{"id":4447,"href":"https:\/\/raportyspadkowe.pl\/index.php?rest_route=\/wp\/v2\/pages\/3994\/revisions\/4447"}],"wp:attachment":[{"href":"https:\/\/raportyspadkowe.pl\/index.php?rest_route=%2Fwp%2Fv2%2Fmedia&parent=3994"}],"curies":[{"name":"wp","href":"https:\/\/api.w.org\/{rel}","templated":true}]}}